{"id":32,"date":"2025-04-11T14:15:11","date_gmt":"2025-04-11T11:15:11","guid":{"rendered":"https:\/\/iveriaslot.club\/?page_id=32"},"modified":"2025-04-19T01:37:40","modified_gmt":"2025-04-18T22:37:40","slug":"vizyonumuz","status":"publish","type":"page","link":"https:\/\/iveriaslot.club\/index.php\/vizyonumuz\/","title":{"rendered":"Vizyonumuz"},"content":{"rendered":"\n<p><a href=\"https:\/\/iveriaslot.club\/\">\u0130veriaslot<\/a>, casino d\u00fcnyas\u0131nda yenilik\u00e7i bir yakla\u015f\u0131m benimseyerek her oyuncuya e\u015fsiz, g\u00fcvenli ve kazan\u00e7l\u0131 bir deneyim sunar. Teknolojiyi ve yenilikleri en y\u00fcksek seviyede kullanmay\u0131 hedefleriz. Bu sayede, K\u0131br\u0131s&#8217;\u0131n en prestijli casino otelleri, pop\u00fcler slot oyunlar\u0131 ve masa oyunlar\u0131yla zenginle\u015ftirilmi\u015f bir hizmet yelpazesi sunar\u0131z. Amac\u0131m\u0131z, sadece bir oyun platformu olmak de\u011fil. Ayn\u0131 zamanda unutulmaz bir deneyim ya\u015fat\u0131r, her a\u015famada e\u011flenceyi, heyecan\u0131 ve kazanc\u0131 etkili bi\u00e7imde bir araya getiririz. Bu b\u00fct\u00fcnl\u00fc\u011f\u00fc do\u011frudan oyunculara sunar, onlara kesintisiz ve tatmin edici bir oyun deneyimi ya\u015fat\u0131r\u0131z.<\/p>\n\n\n\n<p>Teknolojik altyap\u0131m\u0131z ve m\u00fc\u015fteri odakl\u0131 hizmet anlay\u0131\u015f\u0131m\u0131zla, her oyuncunun ihtiyac\u0131n\u0131 kar\u015f\u0131lamak i\u00e7in yarat\u0131c\u0131 \u00e7\u00f6z\u00fcmler sunar\u0131z. Kullan\u0131c\u0131 dostu aray\u00fcz, h\u0131zl\u0131 \u00f6demeler ve 7\/24 canl\u0131 destekle kesintisiz bir deneyim sunar\u0131z.<\/p>\n\n\n\n<p>Vizyonumuz, yaln\u0131zca e\u011flenceyi de\u011fil, ayn\u0131 zamanda g\u00fcvenli\u011fi ve sorumlu oyun anlay\u0131\u015f\u0131n\u0131 da \u00f6n planda tutmakt\u0131r. B\u00f6ylece, her oyuncu g\u00fcvenli bir ortamda keyifli oyunlar oynar ve kazan\u00e7lar\u0131n\u0131 g\u00fcvenle elde eder. \u0130veriaslot, h\u0131zla b\u00fcy\u00fcyen <a href=\"https:\/\/www.kibriszoomslot.com\/\" target=\"_blank\" rel=\"noopener\">casino<\/a> d\u00fcnyas\u0131nda her zaman en iyi hizmeti sunmaya odaklan\u0131r. B\u00f6ylece oyuncular\u0131n\u0131n beklentilerini a\u015fmay\u0131 hedefler.<\/p>\n\n\n\n<p>Amac\u0131m\u0131z, her zaman daha y\u00fcksek kazan\u00e7 ve \u00fcst\u00fcn kalitede bir oyun deneyimi sunmakt\u0131r. Bu do\u011frultuda, oyuncular\u0131m\u0131z\u0131n kendilerini rahat hissedece\u011fi ve keyifli anlar ya\u015fayabilece\u011fi bir ortam olu\u015ftururuz. Geli\u015fen oyun trendlerini yak\u0131ndan takip eder, bu yenilikleri h\u0131zla sistemimize entegre ederiz. B\u00f6ylece, sadece bir oyun platformu olman\u0131n \u00f6tesine ge\u00e7eriz. Ayn\u0131 zamanda casino d\u00fcnyas\u0131nda daima \u00f6nc\u00fc ve lider bir konumda yer almay\u0131 hedefleriz.<\/p>\n\n\n\n<p>Biz, sadece bir oyun platformu de\u011fil, oyuncular\u0131m\u0131za daha zengin bir deneyim alan\u0131 sunmay\u0131 ama\u00e7lar\u0131z!<\/p>\n","protected":false},"excerpt":{"rendered":"<p>\u0130veriaslot, casino d\u00fcnyas\u0131nda yenilik\u00e7i bir yakla\u015f\u0131m benimseyerek her oyuncuya e\u015fsiz, g\u00fcvenli ve kazan\u00e7l\u0131 bir deneyim sunar. Teknolojiyi ve yenilikleri en [&hellip;]<\/p>\n","protected":false},"author":1,"featured_media":18,"parent":0,"menu_order":0,"comment_status":"closed","ping_status":"closed","template":"","meta":{"site-sidebar-layout":"default","site-content-layout":"","ast-site-content-layout":"","site-content-style":"default","site-sidebar-style":"default","ast-global-header-display":"","ast-banner-title-visibility":"","ast-main-header-display":"","ast-hfb-above-header-display":"","ast-hfb-below-header-display":"","ast-hfb-mobile-header-display":"","site-post-title":"","ast-breadcrumbs-content":"","ast-featured-img":"disabled","footer-sml-layout":"","theme-transparent-header-meta":"","adv-header-id-meta":"","stick-header-meta":"","header-above-stick-meta":"","header-main-stick-meta":"","header-below-stick-meta":"","astra-migrate-meta-layouts":"default","ast-page-background-enabled":"default","ast-page-background-meta":{"desktop":{"background-color":"var(--ast-global-color-5)","background-image":"","background-repeat":"repeat","background-position":"center center","background-size":"auto","background-attachment":"scroll","background-type":"","background-media":"","overlay-type":"","overlay-color":"","overlay-opacity":"","overlay-gradient":""},"tablet":{"background-color":"","background-image":"","background-repeat":"repeat","background-position":"center center","background-size":"auto","background-attachment":"scroll","background-type":"","background-media":"","overlay-type":"","overlay-color":"","overlay-opacity":"","overlay-gradient":""},"mobile":{"background-color":"","background-image":"","background-repeat":"repeat","background-position":"center center","background-size":"auto","background-attachment":"scroll","background-type":"","background-media":"","overlay-type":"","overlay-color":"","overlay-opacity":"","overlay-gradient":""}},"ast-content-background-meta":{"desktop":{"background-color":"var(--ast-global-color-4)","background-image":"","background-repeat":"repeat","background-position":"center center","background-size":"auto","background-attachment":"scroll","background-type":"","background-media":"","overlay-type":"","overlay-color":"","overlay-opacity":"","overlay-gradient":""},"tablet":{"background-color":"var(--ast-global-color-4)","background-image":"","background-repeat":"repeat","background-position":"center center","background-size":"auto","background-attachment":"scroll","background-type":"","background-media":"","overlay-type":"","overlay-color":"","overlay-opacity":"","overlay-gradient":""},"mobile":{"background-color":"var(--ast-global-color-4)","background-image":"","background-repeat":"repeat","background-position":"center center","background-size":"auto","background-attachment":"scroll","background-type":"","background-media":"","overlay-type":"","overlay-color":"","overlay-opacity":"","overlay-gradient":""}},"footnotes":""},"class_list":["post-32","page","type-page","status-publish","has-post-thumbnail","hentry"],"amp_enabled":true,"_links":{"self":[{"href":"https:\/\/iveriaslot.club\/index.php\/wp-json\/wp\/v2\/pages\/32","targetHints":{"allow":["GET"]}}],"collection":[{"href":"https:\/\/iveriaslot.club\/index.php\/wp-json\/wp\/v2\/pages"}],"about":[{"href":"https:\/\/iveriaslot.club\/index.php\/wp-json\/wp\/v2\/types\/page"}],"author":[{"embeddable":true,"href":"https:\/\/iveriaslot.club\/index.php\/wp-json\/wp\/v2\/users\/1"}],"replies":[{"embeddable":true,"href":"https:\/\/iveriaslot.club\/index.php\/wp-json\/wp\/v2\/comments?post=32"}],"version-history":[{"count":2,"href":"https:\/\/iveriaslot.club\/index.php\/wp-json\/wp\/v2\/pages\/32\/revisions"}],"predecessor-version":[{"id":58,"href":"https:\/\/iveriaslot.club\/index.php\/wp-json\/wp\/v2\/pages\/32\/revisions\/58"}],"wp:featuredmedia":[{"embeddable":true,"href":"https:\/\/iveriaslot.club\/index.php\/wp-json\/wp\/v2\/media\/18"}],"wp:attachment":[{"href":"https:\/\/iveriaslot.club\/index.php\/wp-json\/wp\/v2\/media?parent=32"}],"curies":[{"name":"wp","href":"https:\/\/api.w.org\/{rel}","templated":true}]}}